{"id":604,"date":"2020-01-10T18:19:22","date_gmt":"2020-01-10T17:19:22","guid":{"rendered":"http:\/\/askeryogashala.no\/?page_id=604"},"modified":"2025-01-16T18:29:03","modified_gmt":"2025-01-16T17:29:03","slug":"instruktorer-2","status":"publish","type":"page","link":"https:\/\/askeryogashala.no\/?page_id=604","title":{"rendered":"L\u00e6rere"},"content":{"rendered":"\n\t\t\t\t<p class=\"rs-p-wp-fix\"><\/p>\n\t\t\t\t<sr7-module data-alias=\"Static-Ecommerce-Product-Carousel\" data-id=\"21\" id=\"SR7_21_1\" class=\"rs-respect-topbar rs-ov-hidden\" data-version=\"6.7.40\">\n\t\t\t\t\t<sr7-adjuster><\/sr7-adjuster>\n\t\t\t\t\t<sr7-content>\n\t\t\t\t\t\t<sr7-carousel>\n\t\t\t\t\t\t<sr7-slide id=\"SR7_21_1-99\" data-key=\"99\">\n\t\t\t\t\t\t\t<h3 id=\"SR7_21_1-99-4\" class=\"sr7-layer\">Tina<\/h3>\n\t\t\t\t\t\t\t<sr7-txt id=\"SR7_21_1-99-17\" class=\"sr7-layer\">Daglig og eier av Asker yoga shala<\/sr7-txt>\n\t\t\t\t\t\t\t<sr7-txt id=\"SR7_21_1-99-23\" class=\"sr7-layer\">Tina underviser ukentlig Mysore-, Ashtanga-timer, Back in the Ring, Lunsjyoga p\u00e5 tirsdager og Friday Flow, samt private yogatimer, retreats, workshops og kurs.<br \/>\n<br \/>\nHun oppdaget Ashtanga-yoga i 2005 og gjennomf\u00f8rte en ett\u00e5rig yogautdanning med Alexander Medin i Oslo i 2010\/2011. Siden 2011 har hun undervist et bredt spekter av grupper, fra barn til seniorer og toppidrettsut\u00f8vere.<br \/>\n<br \/>\nI 2014 fullf\u00f8rte Tina utdanning i Ayurvedisk Yogamassasje ved Axelsons Body Work School, og tilbyr ogs\u00e5 Indisk hode- og ansiktsmassasje i studioet. Mer informasjon p\u00e5 askeryogashala.no.<br \/>\n<br \/>\nDaglig praksis, med hovedvekt p\u00e5 Ashtanga, er en sentral del av Tinas liv. Hun \u00f8nsker \u00e5 dele yoga som en helsebringende aktivitet, en kilde til velv\u00e6re og en livsstil.<\/sr7-txt>\n\t\t\t\t\t\t<\/sr7-slide>\n\t\t\t\t\t\t<sr7-slide id=\"SR7_21_1-100\" data-key=\"100\">\n\t\t\t\t\t\t\t<h3 id=\"SR7_21_1-100-4\" class=\"sr7-layer\">Monica<\/h3>\n\t\t\t\t\t\t\t<sr7-txt id=\"SR7_21_1-100-17\" class=\"sr7-layer\">Monica underviser faste Yogaflyt- og Yin-timer, Senioryoga, Meditasjon og workshops. Hun startet sin yogapraksis i S\u00f8r\u00f8st-Asia i 2015, hvor enkel tilgang og nysgjerrighet f\u00f8rte henne fra hobby til daglig lidenskap. Etter \u00e5 ha flyttet til Norge i 2017, fordypet hun seg i ulike disipliner som Vinyasa, Hatha, Yin og Pranayama gjennom flere kurs.<br \/>\n<br \/>\nMonica har en mastergrad i juss og en stor interesse for kunst. Hennes kj\u00e6rlighet for \u00e5 studere og forst\u00e5 gjenspeiles ogs\u00e5 i yogaens verden.<br \/>\n<br \/>\nFullf\u00f8rte kurs:<br \/>\nVinyasa Yoga 200h RYT<br \/>\nMulti Style Yoga 200h RYS<br \/>\nRestorative Yoga 25t TT<br \/>\nPrenatal og Postnatal Yoga 25t TT<br \/>\nPranayama og Meditasjon 20t TT niv\u00e5 1<br \/>\nPranayama 30t (niv\u00e5 1\u20133)<br \/>\nPranayama Meditasjon 16t<br \/>\nYin and Myo Fascia Release 10t TT<\/sr7-txt>\n\t\t\t\t\t\t\t<sr7-txt id=\"SR7_21_1-100-23\" class=\"sr7-layer\"><\/sr7-txt>\n\t\t\t\t\t\t<\/sr7-slide>\n\t\t\t\t\t\t<sr7-slide id=\"SR7_21_1-103\" data-key=\"103\">\n\t\t\t\t\t\t\t<h3 id=\"SR7_21_1-103-4\" class=\"sr7-layer\">Agnieszka<\/h3>\n\t\t\t\t\t\t\t<sr7-txt id=\"SR7_21_1-103-17\" class=\"sr7-layer\">Agnieszka holder kurs i gravidyoga og er en del av l\u00f8rdagsrulleringen med L\u00f8rdagsflyt og Yin. Hun tilbyr ogs\u00e5 yoga p\u00e5 polsk ved ettersp\u00f8rsel. Hun har en interesse for \u00f8stlig filosofi, med fokus p\u00e5 ro og tilstedev\u00e6relse, og startet sin yogareise med hatha yoga i ungdoms\u00e5rene.<br \/>\n<br \/>\nHun har studert pedoagogikk og psykologi og fordypet seg i meditasjon og mindfulness gjennom kurs som MBSR, MBCL og MBCT. For henne er yoga en form for meditasjon i bevegelse.<br \/>\nAgnieszka har en 200-timers l\u00e6rerutdanning i multistyle yoga fra Bali Yoga School, med erfaring innen Hatha, Yin, Vinyasa. Hun tilpasser undervisningen til individuelle behov og bruker ogs\u00e5 yoga og pranayama i sitt arbeid innen psykisk helse.<br \/>\n<\/sr7-txt>\n\t\t\t\t\t\t\t<sr7-txt id=\"SR7_21_1-103-23\" class=\"sr7-layer\"><\/sr7-txt>\n\t\t\t\t\t\t<\/sr7-slide>\n\t\t\t\t\t\t<sr7-slide id=\"SR7_21_1-102\" data-key=\"102\">\n\t\t\t\t\t\t\t<h3 id=\"SR7_21_1-102-4\" class=\"sr7-layer\">Nathalie<\/h3>\n\t\t\t\t\t\t\t<sr7-txt id=\"SR7_21_1-102-17\" class=\"sr7-layer\">Nathalie holder faste MediYoga-kurs, Lunsjyoga og timer for Revmatikerforeningen hos oss. Hun har praktisert yoga siden 2005. Etter mange \u00e5r med en krevende jobbtilv\u00e6relse, sm\u00e5barnsliv og h\u00f8yt stressniv\u00e5, opplevde Nathalie i 2016 sterke stressymptomer. Gjennom MediYoga oppdaget hun teknikker som hjalp henne med \u00e5 finne balanse og gjenvinne mentalt og emosjonelt overskudd.<br \/>\n<br \/>\nI 2018 utdannet Nathalie seg som MediYoga-instrukt\u00f8r ved MediYoga International, og senere som yogal\u00e6rer og terapeut med spesialisering i yoga for stress og utbrenthet. Hun har ogs\u00e5 studert Mindfulness og Yoga for barn.<br \/>\n<br \/>\nMed et sterkt \u00f8nske om \u00e5 hjelpe andre fokuserer Nathalie p\u00e5 \u00e5 forebygge og behandle b\u00e5de fysiske og mentale plager. M\u00e5let hennes er \u00e5 styrke selvf\u00f8lelsen og energiniv\u00e5et hos dem hun veileder, og bidra til bedre livskvalitet.<\/sr7-txt>\n\t\t\t\t\t\t\t<sr7-txt id=\"SR7_21_1-102-23\" class=\"sr7-layer\"><\/sr7-txt>\n\t\t\t\t\t\t<\/sr7-slide>\n\t\t\t\t\t\t<sr7-slide id=\"SR7_21_1-101\" data-key=\"101\">\n\t\t\t\t\t\t\t<h3 id=\"SR7_21_1-101-4\" class=\"sr7-layer\">Silje<\/h3>\n\t\t\t\t\t\t\t<sr7-txt id=\"SR7_21_1-101-17\" class=\"sr7-layer\">Silje underviser Ashtanga p\u00e5 onsdager og en bedriftstime. Hun har praktisert yoga siden 2011, og fant tidlig en dyp ro og styrke i praksisen \u2013 noe som inspirerte henne til \u00e5 fordype seg videre gjennom en 200-timers l\u00e6rerutdanning med Alexander Medin.<br \/>\n<br \/>\nMed tre barn, h\u00f8yere utdanning og en travel karriere i bakgrunnen, vet Silje hvor verdifullt det er \u00e5 finne pustepauser i hverdagen. Hun er n\u00e5 i videreutdanning i Mediyoga \u2013 en terapeutisk og medisinsk forankret yogaform \u2013 og brenner for \u00e5 gj\u00f8re yoga tilgjengelig for alle, uavhengig av livssituasjon eller fysisk utgangspunkt.<br \/>\n<br \/>\nSilje har et sterkt engasjement for kvinners helse, og skaper trygge rom for gravide der kontakten med kroppen og barnet st\u00e5r i sentrum. Inspirert av yogaens filosofi og moderne forskning, deler hun yogaens kraftfulle verkt\u00f8y for \u00f8kt balanse, ro og livskvalitet.<\/sr7-txt>\n\t\t\t\t\t\t\t<sr7-txt id=\"SR7_21_1-101-23\" class=\"sr7-layer\"><\/sr7-txt>\n\t\t\t\t\t\t<\/sr7-slide>\n\t\t\t\t\t\t<sr7-slide id=\"SR7_21_1-104\" data-key=\"104\">\n\t\t\t\t\t\t\t<h3 id=\"SR7_21_1-104-4\" class=\"sr7-layer\">Andula<\/h3>\n\t\t\t\t\t\t\t<sr7-txt id=\"SR7_21_1-104-17\" class=\"sr7-layer\">Andula er en del av l\u00f8rdagsrulleringen med L\u00f8rdagsflyt og Yin. Hennes interesse for kropp i bevegelse fikk en ny dimensjon etter en gevinst p\u00e5 yogatimer i 2013. I 2016 utdannet hun seg som yogal\u00e6rer (RYT200) ved Axelsons Body Work School i Oslo, og i 2018 fullf\u00f8rte hun ogs\u00e5 utdannelse som yogamass\u00f8r. Med overgangsalderen som bakteppe har hun de siste \u00e5rene utforsket helse, inkludert meditasjon, isbading, fasting og pusteteknikker. I 2023 ble hun sertifisert pusteveileder gjennom Oxygen Advantage.<br \/>\n<br \/>\nAndula har hovedfag i idrett med fokus p\u00e5 fysisk aktivitet og funksjonshemming. I sine yogatimer vektlegger hun kvalitet i \u00f8velsene, individuelle tilpasninger og pusten som en sentral del av praksisen. Hun skaper en balanse mellom flyt, lekenhet og aksept, med fokus p\u00e5 at yoga er for alle \u2013 en reise for \u00e5 bli kjent med egen kropp og pust.<\/sr7-txt>\n\t\t\t\t\t\t\t<sr7-txt id=\"SR7_21_1-104-23\" class=\"sr7-layer\"><\/sr7-txt>\n\t\t\t\t\t\t<\/sr7-slide>\n\t\t\t\t\t\t<sr7-slide id=\"SR7_21_1-105\" data-key=\"105\">\n\t\t\t\t\t\t\t<h3 id=\"SR7_21_1-105-4\" class=\"sr7-layer\">Jeanette<\/h3>\n\t\t\t\t\t\t\t<sr7-txt id=\"SR7_21_1-105-17\" class=\"sr7-layer\">Jeanette er sertifisert mindfulnessinstrukt\u00f8r utdannet ved CreationWork* og studerer gestaltterapi ved Norges Gestaltinstitutt H\u00f8yskole.<br \/>\nMed egen erfaring fra et h\u00f8yt tempo, stort ansvar og langvarig belastning, vet hun hvordan stress kan sette seg i b\u00e5de kropp og sinn. Etter \u00e5 ha blitt introdusert for mindfulness gjennom MBSR-programmet i 2019, opplevde hun dette som et tydelig vendepunkt.<br \/>\n<br \/>\nI dag formidler Jeanette praktiske og anvendelige verkt\u00f8y for stressregulering, \u00f8kt selvinnsikt og bedre selvregulering i hverdagen.<br \/>\nH\u00f8sten 2026 er hun inne i sitt tredje studie\u00e5r som gestaltterapeut og vil da tilby terapitimer (studentpraksis) i v\u00e5re lokaler.<br \/>\n<br \/>\n* Godkjent av Norsk Psykologforening<\/sr7-txt>\n\t\t\t\t\t\t\t<sr7-txt id=\"SR7_21_1-105-23\" class=\"sr7-layer\"><\/sr7-txt>\n\t\t\t\t\t\t<\/sr7-slide>\n\t\t\t\t\t\t<sr7-slide id=\"SR7_21_1-107\" data-key=\"107\">\n\t\t\t\t\t\t\t<h3 id=\"SR7_21_1-107-4\" class=\"sr7-layer\">Bo<\/h3>\n\t\t\t\t\t\t\t<sr7-txt id=\"SR7_21_1-107-17\" class=\"sr7-layer\">Bo er sertifisert yogainstrukt\u00f8r ved Elise Jansen, og har undervis Yoga b\u00e5de dynamisk og restorativ etter endt utdanning. Han er opptatt b\u00e5de av yogaens fysiske virkning og id\u00e9historiske bakgrunn. Han studerer for tiden sanskrit ved MF \u2013 vitenskapelig h\u00f8yskole.<br \/>\nHan har god erfaring med \u00e5 instruere b\u00e5de dynamisk- og restorativ yoga.<\/sr7-txt>\n\t\t\t\t\t\t\t<sr7-txt id=\"SR7_21_1-107-23\" class=\"sr7-layer\"><\/sr7-txt>\n\t\t\t\t\t\t<\/sr7-slide>\n\t\t\t\t\t\t<sr7-slide id=\"SR7_21_1-109\" data-key=\"109\">\n\t\t\t\t\t\t\t<h3 id=\"SR7_21_1-109-4\" class=\"sr7-layer\">Hege<\/h3>\n\t\t\t\t\t\t\t<sr7-txt id=\"SR7_21_1-109-17\" class=\"sr7-layer\">Hege har regelmessig praktisert og fordypet seg i MediYoga siden 2019. Hun er sertifisert MediYogainstrukt\u00f8r, og snart ferdig med en 830 timers terapeututdannelse i MediYoga. Hun har ogs\u00e5 fordypninger i MediYoga ved Stress og Utbrenthet, MediYoga for Gravide og Pusten. I tillegg til utdannelser i MediYoga har Hege en mastergrad i psykologi.<br \/>\n<br \/>\nHege har selv erfart hvilket kraftfullt verkt\u00f8y MediYoga er for stressregulering, \u00f8kt energi og en bedre balanse i hverdagen. Hun brenner for \u00e5 dele MediYogaens fantastiske egenskaper med andre og elsker hvor tilgjengelig MediYoga er for alle som \u00f8nsker \u00e5 gj\u00f8re yoga, uavhengig av helsesituasjon og tidligere erfaring med yoga. Med sine enkle, men kraftfulle, \u00f8velser, og fokus p\u00e5 pust og meditasjon, kan MediYoga utf\u00f8res av alle, uansett hvor i livet man m\u00e5tte befinne seg. <br \/>\n<br \/>\nI Hege sine MediYogaklasser er det ikke fokus p\u00e5 prestasjon, men p\u00e5 \u00e5 lytte til sin egen kropp og utf\u00f8re de yoga\u00f8velsene man kan etter dagsform og egne grenser.<br \/>\n<br \/>\nHege underviser MediYoga p\u00e5 mandager kl. 10.00.<br \/>\n<\/sr7-txt>\n\t\t\t\t\t\t\t<sr7-txt id=\"SR7_21_1-109-23\" class=\"sr7-layer\"><\/sr7-txt>\n\t\t\t\t\t\t<\/sr7-slide>\n\t\t\t\t\t\t<sr7-slide id=\"SR7_21_1-108\" data-key=\"108\">\n\t\t\t\t\t\t\t<h3 id=\"SR7_21_1-108-4\" class=\"sr7-layer\">Anette<\/h3>\n\t\t\t\t\t\t\t<sr7-txt id=\"SR7_21_1-108-17\" class=\"sr7-layer\">Anette er tidligere operasanger, forfatter av boka \u00abPUSTEN \u2013 Hvordan puste deg trygg, sunn og avslappet\u00bb ( Cappelen Damm 2014 og siden gitt ut b\u00e5de p\u00e5 engelsk og dansk i -22 ), har holdt TEDx-talken \u00abEXHALE\u00bb (2016 ) og er innehaver av firmaet Pusteteknikk AS. Hun har v\u00e6rt mye omtalt i media b\u00e5de TV, radio, podcaster, ukeblader og aviser.<br \/>\nI dag er Anette fast spaltist i kvinnehelse-magasinet FRIIDA, en ettertraktet kurs- og foredragsholder og pusteekspert p\u00e5 Consensio Behandlingssenter i Oslo.<\/sr7-txt>\n\t\t\t\t\t\t\t<sr7-txt id=\"SR7_21_1-108-23\" class=\"sr7-layer\"><\/sr7-txt>\n\t\t\t\t\t\t<\/sr7-slide>\n\t\t\t\t\t\t<sr7-slide id=\"SR7_21_1-111\" data-key=\"111\">\n\t\t\t\t\t\t\t<h3 id=\"SR7_21_1-111-4\" class=\"sr7-layer\">Emma<\/h3>\n\t\t\t\t\t\t\t<sr7-txt id=\"SR7_21_1-111-17\" class=\"sr7-layer\">Emma holder Meditasjonstimer hos oss f.o.m vinter\/v\u00e5r-2025 semesteret.<br \/>\n<br \/>\nHun er sertifisert innen energi arbeid \u2013 reading\/healing og Theta healing fra b\u00e5de Astarte\/Soulspring og Thetakoden i Oslo og p\u00e5 L\u00f8renskog.<br \/>\n<br \/>\nEmma holder kurs og grupper innen energi arbeid og guider meditasjon\/visualisering b\u00e5de online og live. Meditasjonene er intuitivt guidet, i tr\u00e5d med energiene i rommet og tematikk som dukker opp i den forbindelse. Hun jobber ogs\u00e5 noen ganger med spesifikke tematikker p\u00e5 forsp\u00f8rsel.<br \/>\n<br \/>\nHun har alts\u00e5 ingen formell utdannelse innen yoga, men har trent en del yoga og medi yoga, og bruker b\u00e5de pust og fokus p\u00e5 avspenning og energi sentre (chakra) i meditasjonene. I tillegg til toning der det er rom for det.<\/sr7-txt>\n\t\t\t\t\t\t\t<sr7-txt id=\"SR7_21_1-111-23\" class=\"sr7-layer\"><\/sr7-txt>\n\t\t\t\t\t\t<\/sr7-slide>\n\t\t\t\t\t\t<sr7-slide id=\"SR7_21_1-125\" data-key=\"125\">\n\t\t\t\t\t\t<\/sr7-slide>\n\t\t\t\t\t\t<\/sr7-carousel>\n\t\t\t\t\t<\/sr7-content>\n\t\t\t\t\t<image_lists style=\"display:none\">\n\t\t\t\t\t\t<img data-src=\"\/\/askeryogashala.no\/wp-content\/uploads\/2024\/08\/IMG_2700-scaled.jpg\" data-libid=\"3372\" title=\"IMG_2700\" width=\"0\" height=\"0\" data-dbsrc=\"Ly9hc2tlcnlvZ2FzaGFsYS5uby93cC1jb250ZW50L3VwbG9hZHMvMjAyNC8wOC9JTUdfMjcwMC1zY2FsZWQuanBn\"\/>\n\t\t\t\t\t\t<img data-src=\"\/\/askeryogashala.no\/wp-content\/uploads\/revslider\/Static-Ecommerce-Product-Carousel\/i1.jpg\" data-libid=\"3597\" title=\"i1.jpg\" width=\"0\" height=\"0\" data-dbsrc=\"Ly9hc2tlcnlvZ2FzaGFsYS5uby93cC1jb250ZW50L3VwbG9hZHMvcmV2c2xpZGVyL1N0YXRpYy1FY29tbWVyY2UtUHJvZHVjdC1DYXJvdXNlbC9pMS5qcGc=\"\/>\n\t\t\t\t\t\t<img data-src=\"\/\/askeryogashala.no\/wp-content\/uploads\/2023\/12\/Resized_IMG-20231218-WA0006_1236422306506310_1702905885674.jpg\" data-libid=\"3211\" title=\"Monica Vergassola\" width=\"0\" height=\"0\" data-dbsrc=\"Ly9hc2tlcnlvZ2FzaGFsYS5uby93cC1jb250ZW50L3VwbG9hZHMvMjAyMy8xMi9SZXNpemVkX0lNRy0yMDIzMTIxOC1XQTAwMDZfMTIzNjQyMjMwNjUwNjMxMF8xNzAyOTA1ODg1Njc0LmpwZw==\"\/>\n\t\t\t\t\t\t<img data-src=\"\/\/askeryogashala.no\/wp-content\/uploads\/2022\/08\/Silje-Loken-Asker-Yoga-Shala-e1661369877216.jpg\" data-libid=\"3062\" title=\"Silje L\u00f8ken\" width=\"0\" height=\"0\" data-dbsrc=\"Ly9hc2tlcnlvZ2FzaGFsYS5uby93cC1jb250ZW50L3VwbG9hZHMvMjAyMi8wOC9TaWxqZS1Mb2tlbi1Bc2tlci1Zb2dhLVNoYWxhLWUxNjYxMzY5ODc3MjE2LmpwZw==\"\/>\n\t\t\t\t\t\t<img data-src=\"\/\/askeryogashala.no\/wp-content\/uploads\/2023\/12\/NAthalie-latter-scaled.jpg\" data-libid=\"3197\" title=\"Nathalie Holtuin\" width=\"0\" height=\"0\" data-dbsrc=\"Ly9hc2tlcnlvZ2FzaGFsYS5uby93cC1jb250ZW50L3VwbG9hZHMvMjAyMy8xMi9OQXRoYWxpZS1sYXR0ZXItc2NhbGVkLmpwZw==\"\/>\n\t\t\t\t\t\t<img data-src=\"\/\/askeryogashala.no\/wp-content\/uploads\/2026\/04\/D8421A11-B963-45F5-A8B2-3A3569345DD9.jpg\" data-libid=\"3697\" title=\"D8421A11-B963-45F5-A8B2-3A3569345DD9\" width=\"0\" height=\"0\" data-dbsrc=\"Ly9hc2tlcnlvZ2FzaGFsYS5uby93cC1jb250ZW50L3VwbG9hZHMvMjAyNi8wNC9EODQyMUExMS1COTYzLTQ1RjUtQThCMi0zQTM1NjkzNDVERDkuanBn\"\/>\n\t\t\t\t\t\t<img data-src=\"\/\/askeryogashala.no\/wp-content\/uploads\/2024\/03\/Skjermbilde-2024-03-17-kl.-22.54.22.png\" data-libid=\"3282\" title=\"Andula Hirt\" width=\"0\" height=\"0\" data-dbsrc=\"Ly9hc2tlcnlvZ2FzaGFsYS5uby93cC1jb250ZW50L3VwbG9hZHMvMjAyNC8wMy9Ta2plcm1iaWxkZS0yMDI0LTAzLTE3LWtsLi0yMi41NC4yMi5wbmc=\"\/>\n\t\t\t\t\t\t<img data-src=\"\/\/askeryogashala.no\/wp-content\/uploads\/2026\/02\/IMG_3449-scaled.jpeg\" data-libid=\"3677\" title=\"IMG_3449\" width=\"0\" height=\"0\" data-dbsrc=\"Ly9hc2tlcnlvZ2FzaGFsYS5uby93cC1jb250ZW50L3VwbG9hZHMvMjAyNi8wMi9JTUdfMzQ0OS1zY2FsZWQuanBlZw==\"\/>\n\t\t\t\t\t\t<img data-src=\"\/\/askeryogashala.no\/wp-content\/uploads\/2025\/12\/IMG_6194.jpg\" data-libid=\"3665\" title=\"IMG_6194\" width=\"0\" height=\"0\" data-dbsrc=\"Ly9hc2tlcnlvZ2FzaGFsYS5uby93cC1jb250ZW50L3VwbG9hZHMvMjAyNS8xMi9JTUdfNjE5NC5qcGc=\"\/>\n\t\t\t\t\t\t<img data-src=\"\/\/askeryogashala.no\/wp-content\/uploads\/2024\/08\/IMG_6130-scaled.jpg\" data-libid=\"3360\" title=\"Bo Hansen\" width=\"0\" height=\"0\" data-dbsrc=\"Ly9hc2tlcnlvZ2FzaGFsYS5uby93cC1jb250ZW50L3VwbG9hZHMvMjAyNC8wOC9JTUdfNjEzMC1zY2FsZWQuanBn\"\/>\n\t\t\t\t\t\t<img data-src=\"\/\/askeryogashala.no\/wp-content\/uploads\/2023\/03\/DSC7425-scaled.jpg\" data-libid=\"3136\" title=\"Anette Aarsland\" width=\"0\" height=\"0\" data-dbsrc=\"Ly9hc2tlcnlvZ2FzaGFsYS5uby93cC1jb250ZW50L3VwbG9hZHMvMjAyMy8wMy9EU0M3NDI1LXNjYWxlZC5qcGc=\"\/>\n\t\t\t\t\t\t<img data-src=\"\/\/askeryogashala.no\/wp-content\/uploads\/2026\/03\/IMG_5821-scaled-e1773388016764.jpg\" data-libid=\"3684\" title=\"IMG_5821\" width=\"0\" height=\"0\" data-dbsrc=\"Ly9hc2tlcnlvZ2FzaGFsYS5uby93cC1jb250ZW50L3VwbG9hZHMvMjAyNi8wMy9JTUdfNTgyMS1zY2FsZWQtZTE3NzMzODgwMTY3NjQuanBn\"\/>\n\t\t\t\t\t\t<img data-src=\"\/\/askeryogashala.no\/wp-content\/uploads\/2024\/12\/87b3b4ac-fab7-4bb9-8336-70bad3bc90aa.jpg\" data-libid=\"3401\" title=\"Julie Sichlau\" width=\"0\" height=\"0\" data-dbsrc=\"Ly9hc2tlcnlvZ2FzaGFsYS5uby93cC1jb250ZW50L3VwbG9hZHMvMjAyNC8xMi84N2IzYjRhYy1mYWI3LTRiYjktODMzNi03MGJhZDNiYzkwYWEuanBn\"\/>\n\t\t\t\t\t\t<img data-src=\"\/\/askeryogashala.no\/wp-content\/uploads\/2024\/12\/AN0A2231-scaled.jpg\" data-libid=\"3404\" title=\"Emma Rowena Hansen\" width=\"0\" height=\"0\" data-dbsrc=\"Ly9hc2tlcnlvZ2FzaGFsYS5uby93cC1jb250ZW50L3VwbG9hZHMvMjAyNC8xMi9BTjBBMjIzMS1zY2FsZWQuanBn\"\/>\n\t\t\t\t\t<\/image_lists>\n\t\t\t\t<\/sr7-module>\n\t\t\t\t<script>\n\t\t\t\t\tSR7.PMH ??={}; SR7.PMH[\"SR7_21_1\"] = {cn:100,state:false,fn: function() { if (_tpt!==undefined && _tpt.prepareModuleHeight !== undefined) {  _tpt.prepareModuleHeight({id:\"SR7_21_1\",el:[900,900,800,700,800],type:'carousel',shdw:'0',gh:[900,900,800,700,800],gw:[1240,1240,1024,778,480],vpt:['-100px&#039;,&#039;-100px&#039;,&#039;-100px&#039;,&#039;-100px&#039;,&#039;-100px'],size:{fullWidth:true, fullHeight:false},mh:'0',onh:0,onw:0,bg:{color:'{\"type\":\"solid\",\"orig\":\"#000000\",\"string\":\"rgba(0, 0, 0, 1)\"}'},carousel:{pt:'0',pb:'0'}});   SR7.PMH[\"SR7_21_1\"].state=true;} else if(SR7.PMH[\"SR7_21_1\"].cn-->0)\tsetTimeout( SR7.PMH[\"SR7_21_1\"].fn,19);}};SR7.PMH[\"SR7_21_1\" ].fn();\n\t\t\t\t<\/script>\n\n","protected":false},"excerpt":{"rendered":"","protected":false},"author":1,"featured_media":0,"parent":0,"menu_order":1,"comment_status":"closed","ping_status":"closed","template":"","meta":{"footnotes":""},"class_list":["post-604","page","type-page","status-publish","hentry"],"featured_image_src":null,"jetpack_sharing_enabled":true,"_links":{"self":[{"href":"https:\/\/askeryogashala.no\/index.php?rest_route=\/wp\/v2\/pages\/604","targetHints":{"allow":["GET"]}}],"collection":[{"href":"https:\/\/askeryogashala.no\/index.php?rest_route=\/wp\/v2\/pages"}],"about":[{"href":"https:\/\/askeryogashala.no\/index.php?rest_route=\/wp\/v2\/types\/page"}],"author":[{"embeddable":true,"href":"https:\/\/askeryogashala.no\/index.php?rest_route=\/wp\/v2\/users\/1"}],"replies":[{"embeddable":true,"href":"https:\/\/askeryogashala.no\/index.php?rest_route=%2Fwp%2Fv2%2Fcomments&post=604"}],"version-history":[{"count":165,"href":"https:\/\/askeryogashala.no\/index.php?rest_route=\/wp\/v2\/pages\/604\/revisions"}],"predecessor-version":[{"id":3604,"href":"https:\/\/askeryogashala.no\/index.php?rest_route=\/wp\/v2\/pages\/604\/revisions\/3604"}],"wp:attachment":[{"href":"https:\/\/askeryogashala.no\/index.php?rest_route=%2Fwp%2Fv2%2Fmedia&parent=604"}],"curies":[{"name":"wp","href":"https:\/\/api.w.org\/{rel}","templated":true}]}}